 3*k - 2, -3*d + 10*k = 5*k - 16. Let n = 7 + d. What is the units digit of n?
9
Let f = 0 - -5. Let j(h) = -h + 2*h - 5 + 1. What is the units digit of j(f)?
1
Suppose -v + 274 = -4*r, 2*v - 3*r - 562 = -24. What is the units digit of v?
6
Let l(m) = -m**2 - 7*m - 5. Let a be l(-6). What is the tens digit of ((-48)/(-9))/(a/3)?
1
Let k = -6 - -11. Suppose 0 = -k*x + 4*d + 30, x + 3 = d + 10. Suppose 1 = x*c - c. What is the units digit of c?
1
Let k = 15 - -2. What is the units digit of k?
7
Let n(a) = a**3 - 6*a**2 + 2. Let g(q) = 2*q - 2. Let f be g(4). What is the units digit of n(f)?
2
Suppose 0*u - 2*u = -112. What is the tens digit of u?
5
Let n(z) = -z**3 + 2*z**2 + 4*z - 3. Let b be n(2). Suppose -4*f = -20, -5*w = -7*f + 2*f - b. What is the units digit of w?
6
Let h be (-5)/(-1)*4/20. Let a(t) = 0 - 6*t - h + 2. What is the units digit of a(-3)?
9
Suppose -4*j - 12 = -4*u - 0*u, -18 = -5*u + 2*j. Let m be 36/(-3) + u + -2. What is the units digit of (-170)/(-25) - 2/m?
7
What is the tens digit of (150/8)/((-48)/(-128))?
5
Suppose -5*c - 265 = -5*q, 4*c + 81 = 3*q - 83. Suppose h + 4*h = -4*y + q, 3 = -y. What is the units digit of h?
2
Let q = -4 - -6. Let c(k) = 3*k + 5 - q*k + 2. What is the units digit of c(-4)?
3
What is the tens digit of 118/12 - (-2)/12?
1
Let s(v) = v**3 + 3*v**2 + 11*v + 6. Let x be s(-8). Let u be x/(-33) + 4/(-22). What is the units digit of 8/u - (-2)/6?
1
Suppose -2*j + 5 = -3. Suppose 2 = -j*i + 6*i. What is the units digit of i?
1
Let m = 50 - 10. What is the units digit of m?
0
What is the units digit of 6/(-15) + 14/10?
1
Let i(q) = 2*q - 4. Suppose 0 = c - 18 - 10. Suppose -3*j - 7 = -c. What is the units digit of i(j)?
0
Suppose l - 2*p = 7, 3 = 2*l + l + 3*p. Suppose h + 31 = l*z, -2*z + 2*h = -z - 2. Suppose 5*t - 3*t = z. What is the units digit of t?
6
Suppose -s = 2*p - 1, s - 15 = -3*s + 3*p. What is the units digit of 23 - (2/(-2) + s)?
1
Suppose -z + 14 = -12. Suppose -4*f + 5*a - 11 = -76, -2*f = 4*a - z. What is the tens digit of f?
1
What is the units digit of (-1)/(((-20)/(-4))/(-185))?
7
Let h = -53 - -103. What is the tens digit of h?
5
Suppose 2*x + 0 = -2. Let j = -1 + x. What is the units digit of (-58)/(-4) - j/(-4)?
4
Let r be 1/4 - 4/16. Suppose 2*k + 8 = 4*k. Suppose 2*p = -k*g - r*p + 22, 5 = p. What is the units digit of g?
3
Let j = 1 - -1. Suppose j + 48 = 2*y. What is the units digit of y?
5
Suppose 0*y + 2*y - 5*w - 336 = 0, w = -5*y + 813. What is the tens digit of y?
6
Let q be ((-6)/(-4))/((-9)/(-12)). Let h(t) be the third derivative of t**5/60 + t**4/8 - t**3/6 + t**2. What is the units digit of h(q)?
9
Let q = 53 + 4. What is the tens digit of q?
5
Let h(s) = 10*s - 4. Let q be h(-5). What is the units digit of ((-1)/(-1))/((-9)/q)?
6
Let l(u) = 3 + 3 + 3 - 2*u + 4. What is the tens digit of l(-9)?
3
Suppose -3*h = -2*k + 39, -4*h - 6 = 14. What is the tens digit of k?
1
Let n(p) = p**2 + 3*p - 22. What is the tens digit of n(-12)?
8
Let b be 16/4 + -1 + 126. Suppose 3*d + 3*u = b, -53 = -d - 3*u - 0*u. What is the units digit of d?
8
Let c be 11/2 + 6/(-4). Suppose c*g - 10 = 2. What is the units digit of g?
3
Let v = -12 + 17. What is the units digit of v?
5
Suppose 5*t + 3*q = 225, 4*t - 15 - 162 = -3*q. Suppose -f - t = -4*f. What is the units digit of f?
6
Suppose 4*j - 4*g = 100, -2*g - 5 = -g. Let b = 12 - j. Let x = -5 - b. What is the units digit of x?
3
Suppose -3*g + 165 = -g + t, 5*g - t - 402 = 0. What is the tens digit of g?
8
Let k(j) = -j**3 - 5*j**2 - j + 10. What is the tens digit of k(-5)?
1
Let u = 22 - 2. Suppose 0 = -w + 5*w - u. What is the units digit of w?
5
Suppose 3*i - 741 = 69. What is the hundreds digit of i?
2
Suppose 90 = i + i. What is the units digit of i?
5
What is the tens digit of 0 - (-6)/2 - -23?
2
Suppose -352 = -6*z + 2*z. What is the tens digit of z?
8
Suppose -4*a = 4*k - 516, 5*k + 2*a = 4*a + 673. What is the units digit of k?
3
Let x = 14 + -12. Suppose -x*k + 0 = -10. What is the units digit of k?
5
Suppose 6*q - 46 - 14 = 0. What is the units digit of q?
0
Suppose -3*c + 0*c = 0. Let y = c + 3. Suppose f + 18 = 3*h - 5, -33 = -y*h + 3*f. What is the units digit of h?
6
Suppose -7*u + 4*u = -15. Suppose -5*t = -4*w, 3*w - 2*t - 27 = -u*t. What is the units digit of w?
5
Suppose -2*b - b = 3*x + 3, 0 = 2*b + x. Let k(g) = 14*g**3. What is the units digit of k(b)?
4
Let i be (-6)/(-30) + (-116)/5. Let q = i - -61. What is the tens digit of q?
3
Suppose 30 = -5*w - 0*w. Let i be (4/5)/(w/(-75)). Let q = 16 - i. What is the units digit of q?
6
Let d(k) = k**2 + 10*k + 12. Let o(j) = 4*j + 2. Let r be o(-3). What is the units digit of d(r)?
2
Suppose 2*o + 8*o = 110. What is the units digit of o?
1
Let q be (9 - -2)*(-6)/(-3). Suppose -3*i = -q - 113. What is the units digit of i?
5
Let l = 539 + -266. What is the units digit of l?
3
Let x(p) = p**3 + 5*p**2 - 2*p + 7. Let d be x(-6). Let c(w) = -2*w**3 + 2*w**2 - w - 2. Let g be c(2). Let b = g - d. What is the units digit of b?
5
Let r = -12 + 17. Suppose 0*z + 2*z = 10. Suppose -z*k - 4*m = -80, -r*m = 5*k - 113 + 28. What is the tens digit of k?
1
Let y(v) = 6*v - 4. Let j be y(6). Let s = 47 - j. What is the tens digit of s?
1
Let h be ((-4)/(-3))/(1/(-3)). Suppose -5*q - 5*i - 7 = 13, -4*i = 5*q + 17. What is the units digit of (h + 0)/(-1 + q)?
2
Let z(s) = -s**2 - 10*s - 3. Let f be z(-9). Let c = f - 10. Let h = 5 + c. What is the units digit of h?
1
Let j(o) = o**3 + 5*o**2 - 7*o - 8. What is the tens digit of j(-5)?
2
Let o be (-1)/4 + (-10)/(-8). Suppose 5*u + 11 - o = 0. What is the tens digit of 0 - 22/(0 + u)?
1
Let c(v) = -v**2 + 5*v + 6. Let u be c(6). Suppose 4*l - 85 = -5*g, u = -5*l - 7 + 32. Suppose 3*x - g = 11. What is the units digit of x?
8
What is the units digit of (-28 + -5)*(-16)/3?
6
Let f(l) = -l**3 + 5*l**2 + 7*l - 2. Let z be f(6). Suppose -z*p + 24 = -16. What is the units digit of p?
0
Let x(f) = f + 39. What is the units digit of x(0)?
9
Let r be 22/12 - 2/(-12). Suppose r*h - 41 = 3*j, 4*j + 0*j + 13 = h. What is the units digit of h?
5
Let y(d) = 2*d**2 - 4*d - 5. Let c(a) = -6*a**2 + 12*a + 14. Let j(q) = -6*c(q) - 17*y(q). Let r be 33/(-44) - (-30)/8. What is the units digit of j(r)?
7
Let a(s) = s**2 - 8*s + 3. Let r be a(8). Let o be r/5 - 2/(-5). What is the units digit of (-2)/(-4) - o/(-2)?
1
Let q = 36 + 3. What is the tens digit of q?
3
What is the tens digit of (45/20)/((-9)/(-480))?
2
Let q(j) = -j**3 + 7*j**2 - 6*j - 6. Let b be q(6). Let s be (b*(-2)/3)/2. What is the units digit of (s - 2) + 0 + 3?
3
Suppose -2*b + 0 - 6 = 0. Let y(n) = -n**3 + 5*n**2 - 2. Let w be y(2). Let m = w - b. What is the units digit of m?
3
Suppose 2*r + 58 = 3*r. What is the units digit of r?
8
Suppose -3*c + c = -6. Suppose -42 = i - c*i. What is the tens digit of i?
2
Let x(s) = s - 3. Let i(m) = m - 5. Let p(u) = -4*i(u) + 7*x(u). Let a be p(5). Suppose 26 = 5*y - a. What is the units digit of y?
8
Let v be 4/(-6) + (-2)/(-3). Suppose q = -3*y - 4, v = -4*y - 4. Let t = q + 3. What is the units digit of t?
2
Suppose 0*v - 63 = -7*v. What is the units digit of v?
9
Let a(k) = k**2 + 5*k - 4. What is the units digit of a(-6)?
2
Suppose -623 = -4*x - w, -2*w - 12 = -6*w. What is the tens digit of x?
5
Let z be 8/10*25/(-2). Let s = z + 16. What is the units digit of s?
6
Suppose 4*z = z + 2*r + 86, 2*z = 4*r + 52. What is the tens digit of z?
3
Suppose 0 = s + 2*s + 9. What is the units digit of (s - -4)/(2/22)?
1
What is the units digit of -13 + 110 + (2 - -1)?
0
Suppose 50 = 5*h + 15. Suppose 4*b + h = 5*o - 9, -5*o + b + 19 = 0. Suppose -o*t + 16 = -16. What is the units digit of t?
8
Suppose 124 + 126 = 5*n. What is the tens digit of n?
5
Suppose 76 = 3*d + 4*o, -d - o = -2*o - 16. What is the tens digit of d?
2
Let m be 18 - (3 - 2) - -2. Suppose -l = 4*c - m, 3*c = -l + 3*l - 71. What is the tens digit of l?
3
What is the units digit of -1*(-9*1 + 0)?
9
Let v be (5 + -4)*(-1 + -32). What is the units digit of v/(-55)*(1 - -4)?
3
Let y be 4/18 + (-102)/(-27). Let i be 24*(-2 + 15/6). What is the units digit of (-3)/i - (-29)/y?
7
Suppose 11 = 5*c - 9. Suppose -5 = -3*h + c. Suppose h*f = 38 - 14. What is the units digit of f?
8
Let l(c)